-4). Let j(h) = h**2 - 6*h - 9. Give j(b).
-2
Let g(n) = 2*n**3 + 34*n**2 - 20*n + 285. Let t be g(-18). Let l(u) be the second derivative of u**5/10 + u**4/4 - u**3/2 + u**2/2 - 2*u. Give l(t).
-17
Let y(k) = 173*k**2 - 56*k + 319. Let u(r) = 144*r**2 - 48*r + 318. Let p(m) = -6*u(m) + 5*y(m). Determine p(14).
-5
Let a(q) be the first derivative of -q**3/3 - 7*q**2/2 - 25*q + 5140. Calculate a(-9).
-43
Let j(u) = -4*u**2 - 25*u - 42. Let q(r) = 17*r**2 + 100*r + 158. Let h(n) = 15*j(n) + 4*q(n). Determine h(-3).
-1
Let p(i) = -i + 2. Let r(b) = -18*b + 7. Let o(k) = 5*p(k) - r(k). Let y(j) = -11*j - 2. Let z(f) = -4*o(f) - 5*y(f). Determine z(-1).
-5
Let r be -9 + (-6760)/(-117) - 8/(-36). Let d(j) = -4*j + 205. Calculate d(r).
9
Let v(w) = 22 - 6*w - 4 - 4045*w**2 + 2009*w**2 + w**3 + 2015*w**2. Determine v(21).
-108
Let b(o) be the second derivative of -o**4/12 + 4*o**3/3 - 11*o**2 - 41*o + 11. Give b(6).
-10
Let n(l) be the second derivative of l**4/12 - 5*l**3/6 + 3*l**2/2 - 99*l. Let q be n(1). Let m(j) = -5 - 3 + 7 + 5*j. Calculate m(q).
-6
Let o(d) = -d**3 + 9*d**2 - 10*d - 6. Let h be o(8). Let u = h - -24. Let t(a) = 8*a**2 + 11*a + 4 - 3 - 10 - 9*a**u. Give t(10).
1
Let n(j) = j**3 - 10*j**2 + 12*j - 42. Let f be n(9). Let m be (f*13/(-260))/((-2)/32). Let u(k) = -k**2 - 13*k - 8. Give u(m).
4
Let m(a) = -a**2 - 41*a + 86. Let v be m(2). Let n(d) = -d**2 + d + 11. Give n(v).
11
Let f(q) = -7*q + 140. Let w be 48/(-9)*2/(-4)*(-1395)/(-186). Give f(w).
0
Suppose 0 = 3*x - 5*k + 11, 5*x - 3*k + 3 = -10. Let w(d) be the first derivative of -5*d**2/2 - 5*d + 4636. Calculate w(x).
5
Suppose -3*x + 53 = -4*w, -5*x + 37 = -10*w + 8*w. Let q(c) = -c**2 - 16*c. Let k(t) = -t**2 - 15*t + 1. Let m(o) = 6*k(o) - 5*q(o). What is m(w)?
-5
Let m(h) be the second derivative of 1/24*h**4 + 0 - 11/360*h**6 + 27*h - 5/3*h**3 + 0*h**5 + 0*h**2. Let p(l) be the second derivative of m(l). Give p(-1).
-10
Let n(p) = p. Let o(d) = -3*d**2 - 1. Let g(m) = -3*n(m) + o(m). Let a(y) = 4*y**2 + 3*y. Let l(x) = -2*a(x) - 3*g(x). Give l(-2).
1
Let i be (2 - 14/6)/((-10)/(-330)). Let s(o) = -o**3 - 18*o**2 + 6*o + 11. Let y(d) = 2*d**2 + d - 3. Let k(j) = -s(j) - 4*y(j). Determine k(i).
-10
Let z be (164/(-6))/((-22)/(-33)). Let u = z + 43. Let j(t) = 2*t - 1. Let x be j(u). Let p(s) = s**3 - 2*s**2 - s + 2. Determine p(x).
8
Let r be -9*((-340)/30)/(-17). Let j(g) = 17*g + 99. What is j(r)?
-3
Suppose -10*t + 12*t - 6 = 0. Suppose -t*o = -6, 9 = 3*h - o - 4. Suppose -v - 2*d + h = 1, 5*v + 4*d = 8. Let u(a) = a**2 - a + 19. Give u(v).
19
Let f(o) = 0 - 6 - 3*o + 14 - 7. Let j = 75 + -70. Give f(j).
-14
Let f(y) = -7*y**3 - y - 1. Let n = -6518 + 6519. What is f(n)?
-9
Let p(b) = -b**3 - 6*b**2 - 6*b - 1. Suppose -257*w + 50 = -255*w. Suppose -16 + 116 = -w*i. Calculate p(i).
-9
Let u(r) = -4*r - 68*r**2 + 2 - 32*r**2 + 95*r**2. Let a(z) = -z**2 - 14*z - 47. Let b be a(-9). Give u(b).
-10
Let k(m) = 11*m - 1. Let t be k(2). Suppose -2*n = n + t. Let h(y) = 5*y + 14. Let x(l) = -22*l - 56. Let r(j) = 9*h(j) + 2*x(j). Calculate r(n).
7
Let y(c) = -65 - 11*c - 4 - 7 + 71. Calculate y(4).
-49
Suppose 0 = 6*m + 251 - 155. Let q(v) = v**3 + 17*v**2 + 15*v - 23. Determine q(m).
-7
Suppose 0 = -13*c + c - 120. Let z(u) = -u**2 + 4*u + 137. Let b be z(c). Let v(h) = -h**2 + h + 3. Determine v(b).
-9
Let m(x) = 29*x - 6. Let l(d) = 13 - 27*d + 14 + 7 + d**2. Let y be l(26). Let z(u) = 19*u - 4. Let b(i) = y*z(i) - 5*m(i). Determine b(2).
12
Let h(d) be the third derivative of -2/3*d**3 + 0 + 68*d**2 + 0*d - 1/6*d**4. Calculate h(-2).
4
Let v be -6*((-7)/((-70)/(-4)))/((-12)/(-45)). Let i(n) = n**3 - 10*n**2 + 18*n - 76. Give i(v).
5
Suppose -21 = 3*c - 5*w + 12, 3*c + 27 = 3*w. Suppose -3*v = -3*i - 12, 2*v - 9 = i - 3. Let x(n) = -3 - v + n + 2. Determine x(c).
-9
Suppose -4*r + 4*d = -24, -5*r + 10 = -4*r - 3*d. Let u = -146 - -149. Let h(q) = -24 - 28*q**3 + 5*q + 29*q**u - 5*q**2 + 28. Calculate h(r).
8
Suppose s = -b + 59, 4*s - b = -0*s + 236. Suppose 54*v = s*v - 100. Let r(t) = 47*t - 26*t - 21*t - v*t**2. Determine r(-1).
-20
Let f(k) be the first derivative of -5*k**4/4 + 5*k**2/2 - 4*k - 3601. Determine f(-3).
116
Let s(z) = 39*z + 117. Let t(r) = 20*r + 59. Let l(n) = -3*s(n) + 5*t(n). What is l(-3)?
-5
Suppose h - 2*v - 7 = 5, 3*h - 5*v - 33 = 0. Suppose 14 = -h*o + 32. Let n(a) = a - 2. Calculate n(o).
1
Let d(w) = -11*w**3 - 2*w**2 + 1. Let k(i) = -14*i - 13. Let a = 247 - 248. Let x be k(a). What is d(x)?
-12
Let k(a) be the third derivative of a**7/5040 - a**6/180 + a**5/30 + 3*a**4/8 + a**2 + 25. Let g(x) be the third derivative of k(x). Calculate g(2).
-2
Let t(o) = 3974*o**2 - 2*o - 9*o + 57 - 3972*o**2 - 15*o - 7*o. What is t(14)?
-13
Let r(c) = 5*c**2 - 26*c - 18. Let f be r(9). Suppose 15*m + 2*m = f. Let y(u) = m*u**3 + 5*u**2 - 5*u - 1 + 2*u - 6*u**2 + 2*u. Give y(-1).
-10
Suppose 2*l = -5*f + 19, 4*l - 20*f - 5 = -19*f. Let j(b) be the first derivative of -1/3*b**3 + 1/2*b**4 + b + 0*b**l - 3. Determine j(2).
13
Let g = 140 - 205. Let o = -34 - g. Let j = 38 - o. Let t(k) = -k**3 + 7*k**2 + 3*k - 9. Give t(j).
12
Let z(p) = 7 + 15 - 2*p - 4*p**2 + 5*p**2 - 10*p - 3*p**2. Give z(-8).
-10
Let j(c) be the second derivative of c**6/720 - c**5/60 + 5*c**4/6 - 2*c**2 + 60*c. Let b(z) be the third derivative of j(z). Calculate b(0).
-2
Let z = 78 + -75. Suppose 5*t + 2*w - 18 + 65 = 0, -3*t = z*w + 30. Let l(h) be the first derivative of -h**2/2 - 7*h + 62. Determine l(t).
2
Let c(g) be the third derivative of -54*g**2 - 1/40*g**6 - 1/6*g**3 + 1/60*g**5 + 0*g + 1/24*g**4 + 0. Let t = 0 - -1. Give c(t).
-2
Let k = 745 + -742. Let m(i) = 4*i**2 + i + 5*i + 6 + k*i + i**2 - 4*i**2. What is m(-6)?
-12
Suppose 4*j = 7*j + 90. Let s(w) = w**3 + 28*w**2 - 62*w - 54. Let u be s(j). Let t(k) = -2*k - 4. Determine t(u).
-16
Let z(o) = 3*o - 43 - 26 + o - 8*o + o. What is z(-23)?
0
Let k(p) = p**3 + 2*p**2 - 9*p + 17. Suppose 3*a - 5*i + 5 = 0, a + 5*i + 189 = 174. Give k(a).
-13
Let q(y) be the third derivative of -y**5/60 + y**4/8 + y**3/6 + 856*y**2. Calculate q(2).
3
Suppose 5*l - 165 = -135. Let m(q) = -q - q - 3*q + l*q - 11. Determine m(9).
-2
Let d(u) = -17 - 4*u + 18 + 0*u. Let l(t) = -t. Let g be l(3). Let p(o) = -o**2 - 2*o. Let y be p(g). Determine d(y).
13
Let x be (-2 - 12)/(-1) - (2 + 0). Let p be (-3)/x - 1/4*-1. Let t(r) = -6 + p - 2 - r + 6. Calculate t(-1).
-1
Let r(i) = i**2 + 5*i + 4. Suppose -10*q - 3 = -13. Let s be (q - 331 - 3)*2/(-6). Let t = s + -118. Give r(t).
18
Let v(q) = 3*q**2 + 87*q + 13. Let b be v(-18). Let j = 594 + b. Let h(n) = n - 13. What is h(j)?
0
Let h = -70 + 201. Suppose -5*s = -4*q - s + 100, -5*q + h = s. Suppose 8 = 6*o + q. Let m(l) = l + 2. Determine m(o).
-1
Let p = -12 - -35. Let y(x) = x + x**2 + p*x**3 + 17 - 10*x**3 - 18. What is y(1)?
14
Let h(c) = -251*c**2 + 9*c + 106. Let w(u) = -83*u**2 + 3*u + 32. Let b(i) = -3*h(i) + 10*w(i). Calculate b(-1).
-78
Let b be (2 + (-40)/14)/(3/(-28)). Let m(r) be the first derivative of r**4/4 - 8*r**3/3 + r**2/2 - 4*r + 11. Give m(b).
4
Let c = -51 + 55. Suppose 3*f = c*g + 5, -17 = -f + 5*g + 3. Let h(n) = n + 4. Give h(f).
-1
Suppose 0*v = -v + 4*z + 18, -3*v - z + 28 = 0. Let t(g) = -g**2 - 17*g + 17*g + v*g**2 - 5 - 8*g**2. What is t(5)?
20
Let g(k) = -2*k**2 - 10*k + 21. Let v be (27/(-15))/((-24)/20) + (-5)/(-2). Determine g(v).
-51
Let m(w) = w**3 + 5*w**2 - 2*w. Let v be m(-2). Let n(l) = 8*l - 132. What is n(v)?
-4
Let y(r) = -r**3 - 4*r**2 - 2*r. Suppose -2*q - 146 = -464. Let c = 155 - q. Give y(c).
8
Let n be ((-30)/9)/((2/(-45))/1). Let w(x) = -n*x**2 + 27*x**2 - 3*x + 27*x**2 + 1 + 22*x**2. What is w(7)?
29
Let q(f) = -f - 24. Let w(l) = -l - 17. Let g(m) = -5*q(m) + 7*w(m). Calculate g(5).
-9
Let w(m) = 3*m**2 - 2*m**2 + 6 + 4*m - 4. Let u be 2 + 1 + 2 + (7 - 5). Suppose -u = -2*n - 3*s, 2*n + 18 = -0*s + 2*s. Give w(n).
2
Suppose -94 + 52 = -3*y. Let j(f) = f**3 - 16*f**2 + 30*f - 20. Let r be j(y). Let g(l) = -2*l + 7. What is g(r)?
-9
Let w(o) = -o - 1. Let f = -52 + 48. Let i be (f/10 + 0)/(2/(-10)). Let d be 5 - 6 - (-12)/i. Give w(d).
-6
Let u(d) = 42*d + 3. Let p(z) = 715*z + 26 - 8 + 11 + 23. Let i(n) = 3*p(n) - 52*u(n). Determine i(1).
-39
Let s(